a - 56 = d*a. Suppose 0 = -z - z + a. What is the units digit of z?
7
Suppose 4*j - 138 - 118 = 0. What is the units digit of j?
4
Let h(j) = -j + 2. Let k = -14 - -20. Let t(y) = -2*y + 7. Let v be t(k). What is the units digit of h(v)?
7
What is the units digit of (-45)/(-15) + 79 + 0?
2
Suppose -3*i - 3*x = -249, -5*i + 4*x + 451 = -0*x. What is the units digit of i?
7
Let m(c) = -c**3 + 20*c**2 - 7*c - 4. What is the tens digit of m(19)?
2
What is the tens digit of 8/(-6)*468/(-24)?
2
What is the units digit of 4 + (-9)/3 - -27?
8
Suppose z + 2 - 5 = 0. Suppose -z*i + i + 5*b + 31 = 0, -3*b = 4*i - 23. What is the units digit of i?
8
Let m(b) = b**3 + 11*b**2 + 17*b - 2. What is the units digit of m(-7)?
5
Suppose -2*g + g + 5*d + 19 = 0, 2*d = -6. Let l(i) = i**3 - 4*i**2 - i + 1. Let v be l(g). Let a(s) = s**3 + 5*s**2 + 5*s + 3. What is the units digit of a(v)?
6
Let v = 3 - -16. What is the units digit of v?
9
What is the tens digit of (-234 + (-3 - -13))/(-1*1)?
2
Suppose 0 = -2*p + 45 + 55. What is the units digit of p?
0
Let k(w) = 5*w**3 - w**2 + w + 2. Let a be k(2). Suppose -9*p = -5*p - a. What is the tens digit of p?
1
Let y = -8 - -9. Suppose -1 = 4*n - 49. What is the units digit of (y*3)/(n/16)?
4
What is the tens digit of (-3)/2*52/(-3)?
2
Suppose -1 = 2*u - u. Let h = 4 - u. Suppose -h*k = -k - 32. What is the units digit of k?
8
What is the tens digit of (-2 - 0)*584/(-16)?
7
What is the tens digit of (33/5)/(5/50)?
6
Suppose -3*i = -4*i - 3*j + 16, 5*j = -4*i + 43. Let n = 16 - i. What is the units digit of 6/n*-3 - -6?
4
Let d(a) = -a**2 + 14*a - 7. What is the tens digit of d(11)?
2
Let c(y) = -y**2 - 4*y + 2. Let g(z) = 3*z + 2*z - 2*z + 2. Let f be g(-2). What is the units digit of c(f)?
2
Suppose 3*a + 6 = a + 4*m, 4*a - 5*m = -9. Let g be (-3 - -3)*a/2. Let k(w) = w**2 - w + 5. What is the units digit of k(g)?
5
Let i = -2 + 11. Let a be i/(-3)*(0 - -1). Let h = 5 + a. What is the units digit of h?
2
Let w(s) = -2 - 2 + 20*s - 12*s. What is the units digit of w(5)?
6
Let z = 3 + 6. What is the units digit of z?
9
Let c be (-132)/20 - (-2)/(-5). Let p(w) = w + 9. Let l be p(c). Suppose 21 = 5*i + 2*f, -l*f - 2*f - 33 = -5*i. What is the units digit of i?
5
What is the hundreds digit of (-15092)/(-55) - ((-8)/5 - -2)?
2
Let d(a) = -a + 7. What is the units digit of d(0)?
7
Let w = -13 + 17. Let f = 14 + w. What is the units digit of f?
8
Let v be 8/(-6)*12/(-8). Suppose -v*d = d. Let s = 1 + d. What is the units digit of s?
1
Let m be (4/1)/((-4)/(-6)). Let y = -1 - m. Let u(a) = -a**2 - 9*a - 6. What is the units digit of u(y)?
8
What is the tens digit of 1/(((-1)/1)/(-16))?
1
Suppose 0 = 4*z - z. Suppose z = 5*g - 70 - 10. What is the units digit of g?
6
Let l(r) = -r**2 - 9*r. Suppose 9*w = -5*d + 4*w - 15, 2*d = -5*w + 6. What is the tens digit of l(d)?
1
Let j = -5 + 4. Let r = 6 + j. Suppose -s = r*h - 24, 2*s + 3*s = -5*h + 20. What is the units digit of h?
5
Let d = -4 - -4. Suppose 3*x - 163 = -4*i, d = 2*i + i - x - 132. Suppose 5*g - 2 - i = 0. What is the units digit of g?
9
Suppose -v + 125 = -2*a, -3*v - 256 = -5*v + 2*a. What is the hundreds digit of v?
1
Let w(n) = 109*n**3 + 3*n**2 - 4*n + 2. What is the units digit of w(1)?
0
What is the units digit of 63 + (6/(-9))/(2/9)?
0
Suppose -5*k - 5 = 0, 4*v - 2*k - 279 = k. What is the units digit of v?
9
Let h = 149 - 77. Let x = -32 + h. Suppose -16 = -4*s + x. What is the tens digit of s?
1
Let d = -45 - -77. Let a(r) = -4*r**3 + 3*r**2 - r + 1. Let u be a(2). Let j = u + d. What is the units digit of j?
1
Let m = -4 - -37. What is the tens digit of m?
3
Let l(a) = a**3 - 6*a**2 - 4*a + 4. What is the tens digit of l(7)?
2
Let y be (35/(-10))/(2/(-20)). Suppose y + 16 = 3*m. What is the tens digit of m?
1
Let l = -7 + 5. Let d = l - -4. What is the units digit of d?
2
What is the tens digit of (-4)/8*-3 + (-548)/(-8)?
7
Let b(g) = g**2 - 3. Suppose -3*a = -0*a - 27. Let n be ((a/3)/(-1))/1. What is the units digit of b(n)?
6
Suppose 2*n - 5*j = 20, -3*n + 4*j - 2 = -5*n. Suppose -n*s - 9 + 39 = 0. What is the units digit of s?
6
Suppose -20 = -5*z, 4*z = -4*k - 0*z + 324. What is the tens digit of k?
7
Suppose -2*l + 7 = -3*u, -u + 9 + 26 = 4*l. Let m = l - -7. Suppose 2*t = -3*w + m, w + 5*t = 1 + 4. What is the units digit of w?
5
Suppose 0*c - 3*c = -12. Suppose -32 = -u + 5*m - 2*m, 73 = c*u - m. What is the units digit of u?
7
Let h be (3 + 1 + -13)/(-1). Suppose 0 = 2*u + 1 - h. Suppose -m - 18 = -u*m. What is the units digit of m?
6
Let r = -9 - -148. What is the units digit of r?
9
Let i = 14 + -12. Suppose -c = -4*c + u + 19, 0 = -c + 2*u - i. What is the units digit of c?
8
Let j = -2 + 4. Let a(q) = 3*q**2 - q - 4. Let k be a(3). Suppose -k = -2*h - j*h. What is the units digit of h?
5
Let u(v) = -v**3 - 4*v**2 + 5*v + 3. Let k be u(-5). Suppose 2*j - k*y - 23 = 80, -5*j + y + 238 = 0. Suppose -12 + j = 5*c. What is the units digit of c?
7
Let o(l) = l - 14. Suppose 6*a = a + 35. Let n be o(a). Let d = -4 - n. What is the units digit of d?
3
Let h(a) = -114*a + 6. What is the tens digit of h(-1)?
2
Suppose -4*p - 18 = -2*p. Let z be ((-8)/12)/((-1)/p). Let y(j) = -j**2 - 7*j - 3. What is the units digit of y(z)?
3
Suppose -6 - 18 = -4*h. What is the tens digit of (-63)/h*(-4)/3?
1
Let h(a) = -3*a - 8. What is the tens digit of h(-6)?
1
Suppose -2*p + 5*m - 27 = -3*p, 3*p + 2*m - 16 = 0. Suppose x - 6 + p = 0. What is the units digit of x?
4
Let g = 13 - -7. What is the units digit of g?
0
Let w(v) = v**3 + 2*v**2 - 4*v. Let s be w(-3). Suppose x + y - 36 = 0, 0 = x + s*y - y - 32. Let d = x + -29. What is the tens digit of d?
1
Let y = -2 + 2. Suppose -d = -1, y*d + 1 = 2*n + d. Suppose 0 = -n*g - 5*g + 45. What is the units digit of g?
9
Let c(o) = 3*o**2 - 4*o - 8. Let g be c(6). Suppose -4*k = -8*k + g. What is the tens digit of k?
1
Suppose -2*c + 263 = -j, 4*c + 3*j = 2*c + 251. Suppose -1 + c = 3*n. Let z = 60 - n. What is the units digit of z?
7
What is the units digit of 2*291/(-6)*-1?
7
Suppose -11 = -3*w - 3*s - 2*s, -w + 5 = 3*s. What is the tens digit of w*33/3*1?
2
Let p(s) = -s. Let n(t) = 8*t + 2. Let b(a) = n(a) + 6*p(a). Let y be b(-5). Let d = y + 29. What is the units digit of d?
1
Let n(f) = 19*f. Let k be n(6). Suppose -5*w = -2*p - k, 5*w - 3*p - 105 = 2*p. What is the units digit of w?
4
Let s be (-2 + 9 - 3) + -3. Let w(p) = 6*p - 1. What is the units digit of w(s)?
5
Let z = 2 - 1. Let o be z + 2 + 0/3. Suppose -w = -4 + o. What is the units digit of w?
1
Suppose 2*f = -2*f + 124. What is the units digit of f?
1
Let i(j) = j - 2. Let u be i(7). Suppose -100 = -u*g + 20. Suppose 3*f = -4*b + 36, -4*b + g = 4*f - 16. What is the units digit of b?
6
Suppose -5*x + 30 = -0*x. Let k(s) = -s**2 - 5*s - 2. Let z be k(-5). Let o = x + z. What is the units digit of o?
4
Suppose 0*h - 360 = 4*h. What is the tens digit of (2/(-3))/(4/h)?
1
Suppose -9 + 1 = 2*w. What is the units digit of 0 + w - (-37 + -5)?
8
Let o(c) = -c + 4. Let j(t) = -3*t + 11. Let p(q) = -6*j(q) + 17*o(q). What is the units digit of p(9)?
1
Let y be 3/6*(31 + -1). Let j = y - 11. Suppose -5*v - l + 39 = -27, 17 = v + j*l. What is the tens digit of v?
1
What is the tens digit of 0 - (-6)/(-2) - -15?
1
Let t(m) = -19*m + 26. What is the tens digit of t(-5)?
2
Let v(q) = -q**3 + 6*q**2 + 2*q + 8. Let y be v(7). What is the units digit of (y/(-12))/(1/4)?
9
What is the units digit of 42/28 + (-54)/(-4)?
5
Let j = 3 + -3. Suppose c - 19 + 6 = j. What is the units digit of c?
3
Suppose 4*w - s - 74 = 0, -4*w + w - 2*s + 50 = 0. Suppose d + 2*d = w. What is the units digit of d?
6
Let p(w) = -w + 5. Let d(k) = k**2 + 5*k + 6. Let m be d(-5). Let a be p(m). What is the units digit of (2/(-6))/(a/6)?
2
Let f be (-511)/(-21) - (-4)/6. Suppose 0 = -0*l + 2*l + 28. Let c = f + l. What is the tens digit of c?
1
Let q = 276 - 156. What is the hundreds digit of q?
1
What is the tens digit of (18/(-4))/(15/(-100))?
3
Let g(n) be the third derivative of -n**4/12 - n**3/6 - 2*n**2. What is the units digit of g(-2)?
3
Let z be 2*(-1)/(-4)*10. Suppose 3*y + y + 23 = 3*a, 3*y = -z*a + 77. What is the units digit of a?
3
Suppose 0 = -6*v + v - 225. Let g = -20 - v. What is